{"id":2049,"date":"2022-08-28T18:50:49","date_gmt":"2022-08-28T16:50:49","guid":{"rendered":"https:\/\/tarnabyalpint.se\/?post_type=kalender-tarnaby&#038;p=2049"},"modified":"2025-11-12T12:52:46","modified_gmt":"2025-11-12T11:52:46","slug":"season-premiere-2022","status":"publish","type":"kalender-tarnaby","link":"https:\/\/tarnabyalpint.se\/en\/kalender-tarnaby\/sasongspremiar-2022\/","title":{"rendered":"Season premiere Saturday 19 November 2022"},"content":{"rendered":"<h3>More about the Season Premiere<\/h3>\n<div class=\"uncoltable\">\n<div class=\"uncell no-block-padding\">\n<div class=\"uncont\">\n<div class=\"uncode_text_column\">\n<div class=\"uncoltable\">\n<div class=\"uncell no-block-padding\">\n<div class=\"uncont\">\n<div class=\"uncode_text_column\">\n<p><em><strong>ATTENTION!<\/strong> Pre-season lift passes are NOT available in our online shop - but you can easily buy our season passes and other lift passes there.<\/em><\/p>\n<\/div>\n<\/div>\n<\/div>\n<\/div>\n<\/div>\n<\/div>\n<\/div>\n<\/div>","protected":false},"excerpt":{"rendered":"<p>On Saturday 19\/11 at 10.00-16.00 Ingemarbacken opens for the season. We are happy that we can finally get started and look forward to another exciting ski season. You can buy lift passes for both the pre-season skiing and the season passes for T\u00e4rnaby\/Hemavan at Ingemarbacken.<\/p>\n<p>See you on the mountain. Welcome to T\u00e4rnaby!<\/p>","protected":false},"featured_media":2198,"template":"","eventkategori":[13,49],"class_list":["post-2049","kalender-tarnaby","type-kalender-tarnaby","status-publish","has-post-thumbnail","hentry","eventkategori-i-alla-backar","eventkategori-sasongspremiar"],"acf":[],"yoast_head":"<!-- This site is optimized with the Yoast SEO plugin v27.2 - https:\/\/yoast.com\/product\/yoast-seo-wordpress\/ -->\n<title>S\u00e4songspremi\u00e4r l\u00f6rdag 19:e november 2022 - T\u00e4rnaby Alpint<\/title>\n<meta name=\"robots\" content=\"index, follow, max-snippet:-1, max-image-preview:large, max-video-preview:-1\" \/>\n<link rel=\"canonical\" href=\"https:\/\/tarnabyalpint.se\/en\/tarnaby-calendar\/season-premiere-2022\/\" \/>\n<meta property=\"og:locale\" content=\"en_GB\" \/>\n<meta property=\"og:type\" content=\"article\" \/>\n<meta property=\"og:title\" content=\"S\u00e4songspremi\u00e4r l\u00f6rdag 19:e november 2022 - T\u00e4rnaby Alpint\" \/>\n<meta property=\"og:description\" content=\"P\u00e5 l\u00f6rdag 19\/11 kl 10.00-16.00 \u00f6ppnar Ingemarbacken f\u00f6r s\u00e4songen. Vi \u00e4r glada att vi \u00e4ntligen kan komma ig\u00e5ng och ser framemot \u00e4nnu en sp\u00e4nnande skids\u00e4song. Liftkort b\u00e5de f\u00f6r f\u00f6rs\u00e4songs\u00e5kningen samt s\u00e4songskorten f\u00f6r T\u00e4rnaby\/ Hemavan kan ni k\u00f6pa i Ingemarbacken.  Vi ses p\u00e5 Fj\u00e4llet. V\u00e4lkomna till T\u00e4rnaby!\" \/>\n<meta property=\"og:url\" content=\"https:\/\/tarnabyalpint.se\/en\/tarnaby-calendar\/season-premiere-2022\/\" \/>\n<meta property=\"og:site_name\" content=\"T\u00e4rnaby Alpint\" \/>\n<meta property=\"article:publisher\" content=\"https:\/\/www.facebook.com\/profile.php?id=100063492703007\" \/>\n<meta property=\"article:modified_time\" content=\"2025-11-12T11:52:46+00:00\" \/>\n<meta property=\"og:image\" content=\"https:\/\/tarnabyalpint.se\/wp-content\/uploads\/2022\/08\/Tarnaby-Alpint-Sasongspremiar-Utforsakning-Aktuellt-2.jpg\" \/>\n\t<meta property=\"og:image:width\" content=\"1170\" \/>\n\t<meta property=\"og:image:height\" content=\"936\" \/>\n\t<meta property=\"og:image:type\" content=\"image\/jpeg\" \/>\n<meta name=\"twitter:card\" content=\"summary_large_image\" \/>\n<meta name=\"twitter:label1\" content=\"Estimated reading time\" \/>\n\t<meta name=\"twitter:data1\" content=\"1 minute\" \/>\n<script type=\"application\/ld+json\" class=\"yoast-schema-graph\">{\"@context\":\"https:\/\/schema.org\",\"@graph\":[{\"@type\":\"WebPage\",\"@id\":\"https:\/\/tarnabyalpint.se\/kalender-tarnaby\/sasongspremiar-2022\/\",\"url\":\"https:\/\/tarnabyalpint.se\/kalender-tarnaby\/sasongspremiar-2022\/\",\"name\":\"S\u00e4songspremi\u00e4r l\u00f6rdag 19:e november 2022 - T\u00e4rnaby Alpint\",\"isPartOf\":{\"@id\":\"https:\/\/tarnabyalpint.se\/#website\"},\"primaryImageOfPage\":{\"@id\":\"https:\/\/tarnabyalpint.se\/kalender-tarnaby\/sasongspremiar-2022\/#primaryimage\"},\"image\":{\"@id\":\"https:\/\/tarnabyalpint.se\/kalender-tarnaby\/sasongspremiar-2022\/#primaryimage\"},\"thumbnailUrl\":\"https:\/\/tarnabyalpint.se\/wp-content\/uploads\/2022\/08\/Tarnaby-Alpint-Sasongspremiar-Utforsakning-Aktuellt-2.jpg\",\"datePublished\":\"2022-08-28T16:50:49+00:00\",\"dateModified\":\"2025-11-12T11:52:46+00:00\",\"inLanguage\":\"en-GB\",\"potentialAction\":[{\"@type\":\"ReadAction\",\"target\":[\"https:\/\/tarnabyalpint.se\/kalender-tarnaby\/sasongspremiar-2022\/\"]}]},{\"@type\":\"ImageObject\",\"inLanguage\":\"en-GB\",\"@id\":\"https:\/\/tarnabyalpint.se\/kalender-tarnaby\/sasongspremiar-2022\/#primaryimage\",\"url\":\"https:\/\/tarnabyalpint.se\/wp-content\/uploads\/2022\/08\/Tarnaby-Alpint-Sasongspremiar-Utforsakning-Aktuellt-2.jpg\",\"contentUrl\":\"https:\/\/tarnabyalpint.se\/wp-content\/uploads\/2022\/08\/Tarnaby-Alpint-Sasongspremiar-Utforsakning-Aktuellt-2.jpg\",\"width\":1170,\"height\":936,\"caption\":\"Tarnaby Alpint Sasongspremiar Utforsakning Aktuellt 2\"},{\"@type\":\"WebSite\",\"@id\":\"https:\/\/tarnabyalpint.se\/#website\",\"url\":\"https:\/\/tarnabyalpint.se\/\",\"name\":\"T\u00e4rnaby Alpint\",\"description\":\"En till WordPress-webbplats\",\"publisher\":{\"@id\":\"https:\/\/tarnabyalpint.se\/#organization\"},\"potentialAction\":[{\"@type\":\"SearchAction\",\"target\":{\"@type\":\"EntryPoint\",\"urlTemplate\":\"https:\/\/tarnabyalpint.se\/?s={search_term_string}\"},\"query-input\":{\"@type\":\"PropertyValueSpecification\",\"valueRequired\":true,\"valueName\":\"search_term_string\"}}],\"inLanguage\":\"en-GB\"},{\"@type\":\"Organization\",\"@id\":\"https:\/\/tarnabyalpint.se\/#organization\",\"name\":\"T\u00e4rnaby Alpint\",\"url\":\"https:\/\/tarnabyalpint.se\/\",\"logo\":{\"@type\":\"ImageObject\",\"inLanguage\":\"en-GB\",\"@id\":\"https:\/\/tarnabyalpint.se\/#\/schema\/logo\/image\/\",\"url\":\"https:\/\/tarnabyalpint.se\/wp-content\/uploads\/2022\/08\/tarnaby-alpint-white-blue-logo.jpg\",\"contentUrl\":\"https:\/\/tarnabyalpint.se\/wp-content\/uploads\/2022\/08\/tarnaby-alpint-white-blue-logo.jpg\",\"width\":900,\"height\":610,\"caption\":\"T\u00e4rnaby Alpint\"},\"image\":{\"@id\":\"https:\/\/tarnabyalpint.se\/#\/schema\/logo\/image\/\"},\"sameAs\":[\"https:\/\/www.facebook.com\/profile.php?id=100063492703007\"]}]}<\/script>\n<!-- \/ Yoast SEO plugin. -->","yoast_head_json":{"title":"Season premiere Saturday 19 November 2022 - T\u00e4rnaby Alpint","robots":{"index":"index","follow":"follow","max-snippet":"max-snippet:-1","max-image-preview":"max-image-preview:large","max-video-preview":"max-video-preview:-1"},"canonical":"https:\/\/tarnabyalpint.se\/en\/tarnaby-calendar\/season-premiere-2022\/","og_locale":"en_GB","og_type":"article","og_title":"S\u00e4songspremi\u00e4r l\u00f6rdag 19:e november 2022 - T\u00e4rnaby Alpint","og_description":"P\u00e5 l\u00f6rdag 19\/11 kl 10.00-16.00 \u00f6ppnar Ingemarbacken f\u00f6r s\u00e4songen. Vi \u00e4r glada att vi \u00e4ntligen kan komma ig\u00e5ng och ser framemot \u00e4nnu en sp\u00e4nnande skids\u00e4song. Liftkort b\u00e5de f\u00f6r f\u00f6rs\u00e4songs\u00e5kningen samt s\u00e4songskorten f\u00f6r T\u00e4rnaby\/ Hemavan kan ni k\u00f6pa i Ingemarbacken.  Vi ses p\u00e5 Fj\u00e4llet. V\u00e4lkomna till T\u00e4rnaby!","og_url":"https:\/\/tarnabyalpint.se\/en\/tarnaby-calendar\/season-premiere-2022\/","og_site_name":"T\u00e4rnaby Alpint","article_publisher":"https:\/\/www.facebook.com\/profile.php?id=100063492703007","article_modified_time":"2025-11-12T11:52:46+00:00","og_image":[{"width":1170,"height":936,"url":"https:\/\/tarnabyalpint.se\/wp-content\/uploads\/2022\/08\/Tarnaby-Alpint-Sasongspremiar-Utforsakning-Aktuellt-2.jpg","type":"image\/jpeg"}],"twitter_card":"summary_large_image","twitter_misc":{"Estimated reading time":"1 minute"},"schema":{"@context":"https:\/\/schema.org","@graph":[{"@type":"WebPage","@id":"https:\/\/tarnabyalpint.se\/kalender-tarnaby\/sasongspremiar-2022\/","url":"https:\/\/tarnabyalpint.se\/kalender-tarnaby\/sasongspremiar-2022\/","name":"Season premiere Saturday 19 November 2022 - T\u00e4rnaby Alpint","isPartOf":{"@id":"https:\/\/tarnabyalpint.se\/#website"},"primaryImageOfPage":{"@id":"https:\/\/tarnabyalpint.se\/kalender-tarnaby\/sasongspremiar-2022\/#primaryimage"},"image":{"@id":"https:\/\/tarnabyalpint.se\/kalender-tarnaby\/sasongspremiar-2022\/#primaryimage"},"thumbnailUrl":"https:\/\/tarnabyalpint.se\/wp-content\/uploads\/2022\/08\/Tarnaby-Alpint-Sasongspremiar-Utforsakning-Aktuellt-2.jpg","datePublished":"2022-08-28T16:50:49+00:00","dateModified":"2025-11-12T11:52:46+00:00","inLanguage":"en-GB","potentialAction":[{"@type":"ReadAction","target":["https:\/\/tarnabyalpint.se\/kalender-tarnaby\/sasongspremiar-2022\/"]}]},{"@type":"ImageObject","inLanguage":"en-GB","@id":"https:\/\/tarnabyalpint.se\/kalender-tarnaby\/sasongspremiar-2022\/#primaryimage","url":"https:\/\/tarnabyalpint.se\/wp-content\/uploads\/2022\/08\/Tarnaby-Alpint-Sasongspremiar-Utforsakning-Aktuellt-2.jpg","contentUrl":"https:\/\/tarnabyalpint.se\/wp-content\/uploads\/2022\/08\/Tarnaby-Alpint-Sasongspremiar-Utforsakning-Aktuellt-2.jpg","width":1170,"height":936,"caption":"Tarnaby Alpint Sasongspremiar Utforsakning Aktuellt 2"},{"@type":"WebSite","@id":"https:\/\/tarnabyalpint.se\/#website","url":"https:\/\/tarnabyalpint.se\/","name":"T\u00e4rnaby Alpine Skiing","description":"Another WordPress website","publisher":{"@id":"https:\/\/tarnabyalpint.se\/#organization"},"potentialAction":[{"@type":"SearchAction","target":{"@type":"EntryPoint","urlTemplate":"https:\/\/tarnabyalpint.se\/?s={search_term_string}"},"query-input":{"@type":"PropertyValueSpecification","valueRequired":true,"valueName":"search_term_string"}}],"inLanguage":"en-GB"},{"@type":"Organization","@id":"https:\/\/tarnabyalpint.se\/#organization","name":"T\u00e4rnaby Alpine Skiing","url":"https:\/\/tarnabyalpint.se\/","logo":{"@type":"ImageObject","inLanguage":"en-GB","@id":"https:\/\/tarnabyalpint.se\/#\/schema\/logo\/image\/","url":"https:\/\/tarnabyalpint.se\/wp-content\/uploads\/2022\/08\/tarnaby-alpint-white-blue-logo.jpg","contentUrl":"https:\/\/tarnabyalpint.se\/wp-content\/uploads\/2022\/08\/tarnaby-alpint-white-blue-logo.jpg","width":900,"height":610,"caption":"T\u00e4rnaby Alpint"},"image":{"@id":"https:\/\/tarnabyalpint.se\/#\/schema\/logo\/image\/"},"sameAs":["https:\/\/www.facebook.com\/profile.php?id=100063492703007"]}]}},"_links":{"self":[{"href":"https:\/\/tarnabyalpint.se\/en\/wp-json\/wp\/v2\/kalender-tarnaby\/2049","targetHints":{"allow":["GET"]}}],"collection":[{"href":"https:\/\/tarnabyalpint.se\/en\/wp-json\/wp\/v2\/kalender-tarnaby"}],"about":[{"href":"https:\/\/tarnabyalpint.se\/en\/wp-json\/wp\/v2\/types\/kalender-tarnaby"}],"version-history":[{"count":6,"href":"https:\/\/tarnabyalpint.se\/en\/wp-json\/wp\/v2\/kalender-tarnaby\/2049\/revisions"}],"predecessor-version":[{"id":3909,"href":"https:\/\/tarnabyalpint.se\/en\/wp-json\/wp\/v2\/kalender-tarnaby\/2049\/revisions\/3909"}],"wp:featuredmedia":[{"embeddable":true,"href":"https:\/\/tarnabyalpint.se\/en\/wp-json\/wp\/v2\/media\/2198"}],"wp:attachment":[{"href":"https:\/\/tarnabyalpint.se\/en\/wp-json\/wp\/v2\/media?parent=2049"}],"wp:term":[{"taxonomy":"eventkategori","embeddable":true,"href":"https:\/\/tarnabyalpint.se\/en\/wp-json\/wp\/v2\/eventkategori?post=2049"}],"curies":[{"name":"wp","href":"https:\/\/api.w.org\/{rel}","templated":true}]}}

<p>On Saturday 19/11 at 10.00-16.00 Ingemarbacken opens for the season. We are happy that we can finally get started and look forward to another exciting ski season. You can buy lift passes for both the pre-season skiing and the season passes for Tärnaby/Hemavan at Ingemarbacken.</p>
<p>See you on the mountain. Welcome to Tärnaby!</p>

<!-- This site is optimized with the Yoast SEO plugin v27.2 - https://yoast.com/product/yoast-seo-wordpress/ -->
<title>Säsongspremiär lördag 19:e november 2022 - Tärnaby Alpint</title>
<meta name="robots" content="index, follow, max-snippet:-1, max-image-preview:large, max-video-preview:-1" />
<link rel="canonical" href="https://tarnabyalpint.se/en/tarnaby-calendar/season-premiere-2022/" />
<meta property="og:locale" content="en_GB" />
<meta property="og:type" content="article" />
<meta property="og:title" content="Säsongspremiär lördag 19:e november 2022 - Tärnaby Alpint" />
<meta property="og:description" content="På lördag 19/11 kl 10.00-16.00 öppnar Ingemarbacken för säsongen. Vi är glada att vi äntligen kan komma igång och ser framemot ännu en spännande skidsäsong. Liftkort både för försäsongsåkningen samt säsongskorten för Tärnaby/ Hemavan kan ni köpa i Ingemarbacken.  Vi ses på Fjället. Välkomna till Tärnaby!" />
<meta property="og:url" content="https://tarnabyalpint.se/en/tarnaby-calendar/season-premiere-2022/" />
<meta property="og:site_name" content="Tärnaby Alpint" />
<meta property="article:publisher" content="https://www.facebook.com/profile.php?id=100063492703007" />
<meta property="article:modified_time" content="2025-11-12T11:52:46+00:00" />
<meta property="og:image" content="https://tarnabyalpint.se/wp-content/uploads/2022/08/Tarnaby-Alpint-Sasongspremiar-Utforsakning-Aktuellt-2.jpg" />
	<meta property="og:image:width" content="1170" />
	<meta property="og:image:height" content="936" />
	<meta property="og:image:type" content="image/jpeg" />
<meta name="twitter:card" content="summary_large_image" />
<meta name="twitter:label1" content="Estimated reading time" />
	<meta name="twitter:data1" content="1 minute" />
<script type="application/ld+json" class="yoast-schema-graph">{"@context":"https://schema.org","@graph":[{"@type":"WebPage","@id":"https://tarnabyalpint.se/kalender-tarnaby/sasongspremiar-2022/","url":"https://tarnabyalpint.se/kalender-tarnaby/sasongspremiar-2022/","name":"Säsongspremiär lördag 19:e november 2022 - Tärnaby Alpint","isPartOf":{"@id":"https://tarnabyalpint.se/#website"},"primaryImageOfPage":{"@id":"https://tarnabyalpint.se/kalender-tarnaby/sasongspremiar-2022/#primaryimage"},"image":{"@id":"https://tarnabyalpint.se/kalender-tarnaby/sasongspremiar-2022/#primaryimage"},"thumbnailUrl":"https://tarnabyalpint.se/wp-content/uploads/2022/08/Tarnaby-Alpint-Sasongspremiar-Utforsakning-Aktuellt-2.jpg","datePublished":"2022-08-28T16:50:49+00:00","dateModified":"2025-11-12T11:52:46+00:00","inLanguage":"en-GB","potentialAction":[{"@type":"ReadAction","target":["https://tarnabyalpint.se/kalender-tarnaby/sasongspremiar-2022/"]}]},{"@type":"ImageObject","inLanguage":"en-GB","@id":"https://tarnabyalpint.se/kalender-tarnaby/sasongspremiar-2022/#primaryimage","url":"https://tarnabyalpint.se/wp-content/uploads/2022/08/Tarnaby-Alpint-Sasongspremiar-Utforsakning-Aktuellt-2.jpg","contentUrl":"https://tarnabyalpint.se/wp-content/uploads/2022/08/Tarnaby-Alpint-Sasongspremiar-Utforsakning-Aktuellt-2.jpg","width":1170,"height":936,"caption":"Tarnaby Alpint Sasongspremiar Utforsakning Aktuellt 2"},{"@type":"WebSite","@id":"https://tarnabyalpint.se/#website","url":"https://tarnabyalpint.se/","name":"Tärnaby Alpint","description":"En till WordPress-webbplats","publisher":{"@id":"https://tarnabyalpint.se/#organization"},"potentialAction":[{"@type":"SearchAction","target":{"@type":"EntryPoint","urlTemplate":"https://tarnabyalpint.se/?s={search_term_string}"},"query-input":{"@type":"PropertyValueSpecification","valueRequired":true,"valueName":"search_term_string"}}],"inLanguage":"en-GB"},{"@type":"Organization","@id":"https://tarnabyalpint.se/#organization","name":"Tärnaby Alpint","url":"https://tarnabyalpint.se/","logo":{"@type":"ImageObject","inLanguage":"en-GB","@id":"https://tarnabyalpint.se/#/schema/logo/image/","url":"https://tarnabyalpint.se/wp-content/uploads/2022/08/tarnaby-alpint-white-blue-logo.jpg","contentUrl":"https://tarnabyalpint.se/wp-content/uploads/2022/08/tarnaby-alpint-white-blue-logo.jpg","width":900,"height":610,"caption":"Tärnaby Alpint"},"image":{"@id":"https://tarnabyalpint.se/#/schema/logo/image/"},"sameAs":["https://www.facebook.com/profile.php?id=100063492703007"]}]}</script>
<!-- / Yoast SEO plugin. -->

Season premiere Saturday 19 November 2022 - Tärnaby Alpint

Säsongspremiär lördag 19:e november 2022 - Tärnaby Alpint

På lördag 19/11 kl 10.00-16.00 öppnar Ingemarbacken för säsongen. Vi är glada att vi äntligen kan komma igång och ser framemot ännu en spännande skidsäsong. Liftkort både för försäsongsåkningen samt säsongskorten för Tärnaby/ Hemavan kan ni köpa i Ingemarbacken.  Vi ses på Fjället. Välkomna till Tärnaby!

Tärnaby Alpint

Tärnaby Alpine Skiing
